e prime factors of 79760758?
2, 7, 11, 517927
What are the prime factors of 1516337049?
3, 17, 53, 32999
List the prime factors of 618869537.
11, 13, 4327759
List the prime factors of 503505574.
2, 11, 13, 89, 131, 151
List the prime factors of 1507416105.
3, 5, 13, 7730339
List the prime factors of 6478548.
2, 3, 23, 23473
What are the prime factors of 319475027?
47, 1259, 5399
List the prime factors of 95418862.
2, 7, 11, 619603
List the prime factors of 2355650781.
3, 11, 17, 4199021
List the prime factors of 462704067.
3, 7, 467, 15727
List the prime factors of 92320401.
3, 30773467
What are the prime factors of 216688719?
3, 13, 5556121
List the prime factors of 1074357.
3, 39791
What are the prime factors of 111822540?
2, 3, 5, 113, 16493
List the prime factors of 268458673.
7, 59, 401, 1621
List the prime factors of 788508473.
4139, 190507
What are the prime factors of 2753250?
2, 3, 5, 3671
What are the prime factors of 437890970?
2, 5, 11, 3980827
What are the prime factors of 1304328774?
2, 3, 7, 17, 877, 2083
List the prime factors of 562048701.
3, 47, 3986161
List the prime factors of 4614684171.
3, 1538228057
What are the prime factors of 5575421539?
127, 43900957
List the prime factors of 189305736.
2, 3, 29, 83, 113
List the prime factors of 7767727.
11, 706157
List the prime factors of 27735339.
3, 29, 10993
List the prime factors of 898300464.
2, 3, 101, 127, 1459
What are the prime factors of 1344227?
1344227
What are the prime factors of 316532333?
13, 17, 1432273
What are the prime factors of 78546284?
2, 61, 321911
What are the prime factors of 2233348478?
2, 1116674239
What are the prime factors of 248461368?
2, 3, 1063, 9739
What are the prime factors of 2242133009?
17, 1237, 106621
What are the prime factors of 6901738683?
3, 7, 157, 2093339
What are the prime factors of 36085576?
2, 41, 110017
List the prime factors of 3482588319.
3, 7, 23691077
List the prime factors of 127050641.
937, 135593
List the prime factors of 3704695283.
53, 79, 127, 6967
List the prime factors of 1166837301.
3, 7, 29, 638663
List the prime factors of 631299092.
2, 19, 1427, 5821
List the prime factors of 58363421.
19, 31, 99089
List the prime factors of 28592182.
2, 103, 138797
What are the prime factors of 14640920?
2, 5, 7, 52289
List the prime factors of 199625794.
2, 61, 1636277
What are the prime factors of 56001635?
5, 11200327
What are the prime factors of 42766981?
42766981
What are the prime factors of 11102846?
2, 5551423
List the prime factors of 200730038.
2, 151, 664669
What are the prime factors of 12548921?
7, 11, 162973
What are the prime factors of 90697605?
3, 5, 443, 13649
What are the prime factors of 342097?
7, 48871
What are the prime factors of 154302159?
3, 11, 31, 150833
What are the prime factors of 1937070799?
61, 31755259
What are the prime factors of 30088999?
199, 151201
What are the prime factors of 225673798?
2, 7, 97, 137, 1213
List the prime factors of 95537671.
17, 71, 79153
List the prime factors of 899825360.
2, 5, 7, 41, 39191
List the prime factors of 2549743021.
7, 199, 229, 7993
What are the prime factors of 40792902?
2, 3, 6798817
What are the prime factors of 155774333?
11, 13, 79, 13789
What are the prime factors of 388368163?
107, 3629609
List the prime factors of 392192014.
2, 196096007
What are the prime factors of 197113523?
197113523
What are the prime factors of 336220030?
2, 5, 33622003
What are the prime factors of 799446533?
233, 409, 8389
List the prime factors of 37359335.
5, 13, 359, 1601
List the prime factors of 1165174910.
2, 5, 116517491
What are the prime factors of 290521799?
19, 107, 142903
List the prime factors of 1132222100.
2, 5, 17, 666013
List the prime factors of 685576412.
2, 53, 3233851
What are the prime factors of 127879203?
3, 2267, 18803
What are the prime factors of 104366445?
3, 5, 719, 9677
List the prime factors of 2502550388.
2, 13, 1489, 32321
List the prime factors of 10313197.
2141, 4817
List the prime factors of 1227125250.
2, 3, 5, 13, 41953
List the prime factors of 1660942615.
5, 2153, 154291
List the prime factors of 562794940.
2, 5, 28139747
What are the prime factors of 26955328?
2, 421177
List the prime factors of 1464363896.
2, 19, 9633973
List the prime factors of 220157307.
3, 24461923
List the prime factors of 291250010.
2, 5, 103, 282767
What are the prime factors of 9552842?
2, 13, 461, 797
List the prime factors of 1441319770.
2, 5, 11, 13102907
List the prime factors of 825939962.
2, 3461, 119321
What are the prime factors of 1537839345?
3, 5, 7, 14646089
What are the prime factors of 155303593?
155303593
What are the prime factors of 20276332?
2, 5069083
List the prime factors of 5963045322.
2, 3, 13, 761, 100459
What are the prime factors of 1179796016?
2, 7, 31, 373, 911
What are the prime factors of 407895975?
3, 5, 1812871
What are the prime factors of 1966381161?
3, 149, 4399063
What are the prime factors of 456077440?
2, 5, 7, 13, 41, 191
List the prime factors of 358031413.
11299, 31687
List the prime factors of 527896390.
2, 5, 7, 37, 203821
What are the prime factors of 241930219?
241930219
List the prime factors of 153662874.
2, 3, 25610479
What are the prime factors of 71084544?
2, 3, 46279
List the prime factors of 338110352.
2, 21131897
What are the prime factors of 77960155?
5, 7, 13, 171341
What are the prime factors of 66269988?
2, 3, 29, 2351
List the prime factors of 141055122.
2, 3, 13, 1808399
What are the prime factors of 148159400?
2, 5, 457, 1621
List the prime factors of 47831830.
2, 5, 41, 116663
List the prime factors of 3546029581.
31, 89, 1285259
What are the prime factors of 152475807?
3, 11, 43, 107453
List the prime factors of 6837785.
5, 23, 37, 1607
What are the prime factors of 61234121?
13, 4710317
List the prime factors of 52950845.
5, 43, 97, 2539
List the prime factors of 350669046.
2, 3, 7, 13, 359, 1789
List the prime factors of 322841496.
2, 3, 47, 503, 569
List the prime factors of 135423635.
5, 27084727
What are the prime factors of 41324588?
2, 10331147
What are the prime factors of 890347063?
31, 877, 32749
List the prime factors of 3447639.
3, 13, 79, 373
List the prime factors of 1761850317.
3, 10639, 55201
What are the prime factors of 52540771?
52540771
List the prime factors of 64429910.
2, 5, 43, 149837
List the prime factors of 4510656674.
2, 31, 72752527
List the prime factors of 626024050.
2, 5, 12520481
What are the prime factors of 184108249?
13, 17, 251, 3319
List the prime factors of 673822234.
2, 17, 71, 279131
List the prime factors of 724869359.
724869359
List the prime factors of 49321412.
2, 7, 487, 3617
What are the prime factors of 679984465?
5, 107, 421, 3019
List the prime factors of 1804534511.
13, 37, 79, 281
What are the prime factors of 126055666?
2, 11, 109, 52567
List the prime factors of 255755457.
3, 821, 34613
What are the prime factors of 319544963?
47, 6798829
What are the prime factors of 74121634?
2, 131, 282907
What are the prime factors of 29484654?
2, 3, 4914109
What are the prime factors of 1965596650?
2, 5, 43, 181, 5051
List the prime factors of 287986034.
2, 7, 199, 14767
What are the prime factors of 1877026724?
2, 37, 12682613
What are the prime factors of 2010229735?
5, 19, 21160313
What are the prime factors of 290144846?
2, 145072423
List the prime factors of 6594042.
2, 3, 7, 13, 929
List the prime factors of 136461576.
2, 3, 23, 233, 1061
List the prime factors of 18385505.
5, 3677101
List the prime factors of 83550785.
5, 59, 61, 4643
List the prime factors of 311835282.
2, 3, 11, 131, 36067
List the prime factors of 3776289005.
5, 37, 229, 89137
List the prime factors of 381016900.
2, 5, 11, 31489
What are the prime factors of 74148106?
2, 37074053
What are the prime factors of 690662158?
2, 853, 404843
List the prime factors of 263405361.
3, 17, 23, 41, 5477
What are the prime factors of 71150445?
3, 5, 37, 151, 283
List the prime factors of 75769556.
2, 3041, 6229
List the prime factors of 160666019.
2549, 63031
What are the prime factors of 293826726?
2, 3, 59, 276673
What are the prime factors of 79963461?
3, 17, 522637
What are the prime factors of 187654748?
2, 46913687
List the prime factors of 65058770.
2, 5, 7, 31, 4283
What are the p